= 2*p + 30. Let t(g) = g**2 - 7*g + 2. What is t(q)?
-4
Let a(k) = -k**2 + 8*k + 3. Suppose -60*s - 16 = -62*s. What is a(s)?
3
Let y(i) be the first derivative of i**3/3 - i**2/2 + 3*i + 8. Determine y(3).
9
Let y(k) be the third derivative of -k**6/120 - k**5/30 + k**4/12 + k**3/3 - k**2. Let w(s) = s**3 - 19*s**2 - 17*s - 63. Let z be w(20). Determine y(z).
5
Let y(s) = -s**2 + s - 1. Let z(q) = -q**2 - 1. Suppose -3*k + 2 = -2*k. Let n(x) = k*y(x) - z(x). Give n(3).
-4
Let u be 21/(-2)*2/(-3). Let x = -4 + u. Let k(d) = d + 3*d + x - 5*d. Give k(5).
-2
Let x(d) = -9. Let c(n) = -n + 17. Let m(u) = 3*c(u) + 5*x(u). Suppose -4*w + 20 = -0*w. What is m(w)?
-9
Let n(w) = w - 5. Let l = 65 + -56. Determine n(l).
4
Let t(x) = 12*x. Suppose -19*n = -24*n + 5. Determine t(n).
12
Suppose -l + 48 = 11*l. Let y(c) = -c**3 + 6*c**2 - 3*c - 1. What is y(l)?
19
Let j be (-87)/(-27) - 4/18. Let b(p) be the third derivative of 0*p + 1/24*p**4 + 1/3*p**3 + p**2 + 0. Give b(j).
5
Let p(q) be the first derivative of -7 + 1/3*q**3 + 1/2*q**2 - 2*q. Calculate p(0).
-2
Let c(u) = u**2 + u. Suppose -8 = b - 4. Let g = 9 + b. Let j be ((-21)/35)/(1/g). What is c(j)?
6
Let j = -1 + 5. Let u(k) be the first derivative of k**3/3 - k**2 + 23. What is u(j)?
8
Let l = -14 + 16. Let g(f) = 2 + 2 - 1 - l*f - 2. Determine g(-5).
11
Let q = 24 + -28. Let r(l) be the second derivative of -l**5/20 - 5*l**4/12 - 2*l**3/3 + l**2 + 2*l. Determine r(q).
2
Let c(o) = o - 1. Suppose -4*q = b - 11, b = q - 3*q + 7. Determine c(b).
2
Let c(i) = i**3 - 4*i**2 + 3*i - 3. Let p(k) = -2*k + 9. Let j be (2 + -2 + 2)*4. Let a be p(j). Let z(h) = -h**2 - 7*h + 2. Let y be z(a). Calculate c(y).
-5
Let c(i) = i**2 - 7*i - 1. Suppose 12 = 2*m - k - 1, 0 = -3*k - 3. Calculate c(m).
-7
Let s = -72 - -66. Let p(n) = n**2 + 6*n + 5. Calculate p(s).
5
Suppose 0*v - 3*v = 4*f - 24, 0 = 4*f + 5*v - 24. Suppose -3*p - 9 = f. Let c be (-2)/p + 26/10. Let a(y) = y - 4. Give a(c).
-1
Let a(l) = 10*l**2 + l + 1. Let q be a(-1). Let t(y) = 3*y + y + q - 5*y. What is t(6)?
4
Let v(c) = c**2 + 2*c. Let z be v(-2). Suppose -q - 2*q + 6 = z. Let i(m) be the second derivative of m**3/3 + m**2 + m. What is i(q)?
6
Let k = -7 - -5. Let y(i) = 3 - 15*i + 26*i - i**2 - 9*i. Determine y(k).
-5
Let u(d) = -d**3 + d**2. Let n(t) = 5*t**3 - 13*t**2 - 8*t - 8. Let s(f) = -n(f) - 6*u(f). Determine s(-6).
-4
Let y(z) = -2*z**2 - 5*z - 3. Let j be 70/(-22) - (-2)/11. Calculate y(j).
-6
Let q(p) = -p**3 + 5*p**2 - 4*p - 3. Let t be 1 - 0 - (-10 + 7). Give q(t).
-3
Let w(p) be the third derivative of 0 - 1/6*p**3 + 0*p - 1/6*p**4 + 7*p**2. Give w(1).
-5
Let v(r) be the third derivative of -r**6/15 + r**5/60 - r**4/24 + r**3/6 - 2*r**2. Suppose -3*y - 5*k = -18, y + 3*k + 0*k - 10 = 0. What is v(y)?
-7
Let m(r) = -r**2 - 3*r - 1. Let i = 2 + -5. Let y be m(i). Let p(f) be the second derivative of f**5/4 - f**4/12 + f**3/6 + f**2/2 - 77*f. Calculate p(y).
-6
Let f(n) be the second derivative of -n**5/20 + n**4/2 - n**3 + n**2 + n + 35. Determine f(4).
10
Let a(u) = 7*u + 3. Let f(w) = -6*w - 1. Let j(q) = 2*a(q) + 3*f(q). Determine j(2).
-5
Suppose -l - 31 = 3*o - 5*l, -45 = 5*o - 5*l. Let i(f) = 3 + 74*f**2 - 3*f - 38*f**2 - 42*f**2 - f**3. Calculate i(o).
-7
Suppose 5 + 16 = 3*v. Suppose -u = -2*c + v, -4*c = 4*u - 8 - 0. Let a = -5 - u. Let h(d) = d - 5. Calculate h(a).
-9
Suppose 8 = -4*t - 0. Let h(q) = -q**2 - 4*q - 7. Let u(a) = 3*a**2 + 11*a + 20. Let c(b) = -17*h(b) - 6*u(b). What is c(t)?
-9
Let w(c) be the third derivative of c**5/60 + 7*c**3/6 + c**2. What is w(0)?
7
Let b(u) = u**3 + u**2 - 2*u - 2. Suppose 3*g - 4*q + 22 = 0, 4 + 2 = 5*g + 4*q. What is b(g)?
-2
Let s be -6*4/(3 + 5). Let d(j) = 4*j + 1. Calculate d(s).
-11
Let v(s) = s + 4. Suppose 5*q = 2*u - 5, 3*q - 3 = -0*q. What is v(u)?
9
Suppose -4*p = 2*t + 10, t + 4*t + 5*p = 0. Suppose -t*z = s - 10, -4*s = 2*z - 6*z + 32. Let a(g) = -2 + 0*g + z*g - 2*g + 2*g**3 - 3*g**3. What is a(-2)?
4
Let c(p) = 5*p**2 - 7*p + 5. Let k(m) = -6*m**2 + 8*m - 5. Let u(j) = 5*c(j) + 4*k(j). Calculate u(5).
15
Let v be ((-189)/(-28))/((-6)/32). Let z be 8/v + 104/(-18). Let w(m) = -m**2 - 7*m - 6. What is w(z)?
0
Let x(q) = q**3 - 7*q**2 + 9. Let p = -28 + 35. Determine x(p).
9
Let y(m) be the first derivative of m**3/3 + 3*m**2 - 2*m - 12. Let g(o) = -2*o + 6. Let h be g(6). Determine y(h).
-2
Let g(h) = -3*h**3 + 2*h**2 - 3. Let r(s) be the first derivative of -5 - 4*s + 0*s**2 - 3/4*s**4 + 2/3*s**3. Let q(t) = 3*g(t) - 2*r(t). Give q(-1).
4
Let i(z) = -2*z. Let m(l) = 1. Suppose 0 = 3*k + 1 - 13. Let n(a) = k*m(a) + i(a). Calculate n(6).
-8
Let p(z) = 7*z - 1. Let c be p(2). Let u = c + -11. Let f(o) = o**3 - o**2 + 2*o - 3. Determine f(u).
5
Let o(r) = 5 - 2 - r - 2. Let m = -28 - -32. Suppose 5*h = -d + m, h + 16 = 4*d - h. Give o(d).
-3
Let k = 3 - 7. Let a(q) = q**3 + 3*q**2 - 2. Let h be a(-2). Let c = k + h. Let o(n) = n. What is o(c)?
-2
Let a(n) be the third derivative of n**6/120 - n**5/15 + n**4/6 - n**3/2 - 10*n**2 - n. Let d = 0 - -2. Determine a(d).
-3
Suppose 5*h - 2*h = 18. Suppose h*a = 2*a. Let x(v) = v - v + v + a. Give x(-3).
-3
Let q(j) = -j**3 + 6*j**2 + 3*j + 10. Suppose 3*d + 28 = 7*d. Give q(d).
-18
Suppose -2*x + 1 = -3. Let y be 1 + (1 - -2) - x. Let a(r) = r + r - r**2 + 2*r**2 - y. Determine a(-4).
6
Let m(y) = 2 + 2*y + 0 - 3. Determine m(-3).
-7
Let p(o) = -3*o**3 - o - 3*o**3 - 2*o**2 + 5*o**3. Calculate p(-1).
0
Let z(n) be the second derivative of 1/120*n**5 + n - 1/3*n**3 + 1/24*n**4 + 0 + 0*n**2. Let h(y) be the second derivative of z(y). Calculate h(0).
1
Let z = 2 - 7. Let k = 0 + z. Let n(c) be the third derivative of c**4/12 + 7*c**3/6 + 2*c**2. Calculate n(k).
-3
Let t(q) = -2*q - 8. Let o(p) = 0 - 1 + 0 - p. Let c(n) = -5*o(n) + t(n). Suppose 3*d - 20 = -2*d. Calculate c(d).
9
Suppose -2*u + 3*m + 19 = 0, 0 = -3*u + 5*m + 31. Suppose -4*b = u*g - 0*g - 14, 0 = -g + 5*b - 14. Let s(t) = -8 + t + 3 + g. What is s(3)?
-1
Let v(y) = -y - 4. Let g = 6 - 2. Let j(m) = -m - 3. Let f(p) = g*j(p) - 3*v(p). Give f(3).
-3
Let c(h) be the second derivative of -1/3*h**3 + 0 + 5*h + 1/2*h**2. Let v be 1/(1 - 3/2). Calculate c(v).
5
Let k(o) be the second derivative of -o**3/3 - 3*o**2 + 4*o. Calculate k(-6).
6
Let z = -68 - -71. Let g(n) = 2*n - 1. Give g(z).
5
Let n(k) be the third derivative of k**4/8 - k**3/6 + k**2. Let c = -51 - -50. Determine n(c).
-4
Let p be ((-13)/(-26))/((-2)/4). Let o be 144/20 - 2/10. Let n(y) = 3*y + o*y + 0*y + 1. What is n(p)?
-9
Let y be 1/((-3)/(-3) - 0). Let r(t) = 2*t**2 + 2*t - 1. Give r(y).
3
Let s(d) = 9*d**2 + 10*d + 10. Let j(p) = 4*p**2 + 5*p + 5. Let b(n) = -7*j(n) + 3*s(n). Calculate b(-5).
-5
Let m(x) be the third derivative of x**4/12 - x**3 + 9*x**2. Give m(7).
8
Let a(m) = -m**3 + 5*m**2 - 3*m - 4. Let v be a(3). Suppose 7 + v = 4*k. Suppose 0 = d - 4*r - 11, 4*d - 2*r - k = -1. Let g(c) = -5*c**2 - 1. What is g(d)?
-6
Let k(z) = -z**3 - 19*z**2 - 17*z + 20. Let t be k(-18). Let q(s) = -4*s + 2 + 1 - 2. Calculate q(t).
-7
Let n = 50 - 48. Let u(j) = 9*j**2 - 13*j + 13. Let w(i) = 5*i**2 - 7*i + 7. Let s(l) = -6*u(l) + 11*w(l). Give s(n).
5
Let w be (-36)/(-10) - 8/(-20). Suppose w - 24 = -4*n. Let j(f) = -3 + 2 + n*f - 3*f + 2. Give j(-3).
-5
Let v(d) = 13*d + 1. Let n = 14 - 11. Let l(r) = -2*r + 5. Let m be l(n). Give v(m).
-12
Let r(s) be the third derivative of s**5/20 - s**4/12 + s**3/6 - 4*s**2 + 7*s. Let o = -1 - 1. Let i be (3 + -1)*(-1)/o. What is r(i)?
2
Let c = -11 + 17. Suppose c*z = z - 5. Let q(v) = -8*v + 2. Let b(k) = -105*k + 27. Let a(u) = 2*b(u) - 27*q(u). Give a(z).
-6
Let l(p) = 9*p - 1. Let u = 37 + -38. Determine l(u).
-10
Let j(t) = 2*t**2 - 2*t**2 + 1 - t**2 - 3*t**3. Let v(y) = y**2 - 2*y - 2. Let q be v(4). Suppose 0 = -2*s - 5*d - 27, d + q = -2*s - 1. Determine j(s).
3
Suppose -y + 19 = 13. Let n(w) = w - 2. Determine n(y).
4
Let u(a) = 2*a + 3. Suppose 3*s = g - 2*g - 3, -s = 5*g - 13. Give u(g).
9
Let d(s) be the second derivative of -s**4/12 + s**3/6 + 17*s**2/2 + s. What is d(0)?
17
Let u(p) = 0 + 1 + 2*p + 0*p + 0. Let r = -1 - -4. What is u(r)?
7
Let z(j) be the second derivative of -1/6*j**3 + 0*j**2 + 0 - j. Let o(p) = -p**3 + 19*p**2 + p - 17. Let x 